e 3) to base 5
-23
Convert -1 (base 6) to base 2.
-1
c (base 14) to base 3
110
Convert 101001 (base 2) to base 12.
35
Convert -53 (base 7) to base 11.
-35
What is 1 (base 8) in base 2?
1
-1101 (base 2) to base 16
-d
Convert -1 (base 4) to base 7.
-1
What is 100 (base 3) in base 13?
9
Convert -30 (base 6) to base 5.
-33
3a (base 16) to base 8
72
49 (base 15) to base 4
1011
What is 4 (base 9) in base 13?
4
What is -1112 (base 4) in base 8?
-126
21212 (base 3) to base 13
134
Convert 3200 (base 4) to base 14.
120
Convert -1 (base 15) to base 7.
-1
45 (base 9) to base 16
29
3 (base 16) to base 12
3
What is 3 (base 10) in base 12?
3
Convert b (base 15) to base 12.
b
What is -1 (base 13) in base 12?
-1
-10 (base 14) to base 12
-12
-24 (base 10) to base 14
-1a
Convert 7 (base 8) to base 5.
12
-6 (base 16) to base 7
-6
What is -2 (base 8) in base 16?
-2
What is 0 (base 7) in base 2?
0
Convert 0 (base 3) to base 7.
0
What is -102 (base 6) in base 2?
-100110
-254 (base 9) to base 5
-1321
Convert -308 (base 9) to base 6.
-1055
Convert 0 (base 9) to base 8.
0
Convert -413 (base 8) to base 2.
-100001011
-1103 (base 4) to base 6
-215
What is 12 (base 4) in base 8?
6
What is -11102 (base 3) in base 8?
-167
-15 (base 14) to base 10
-19
What is -121 (base 4) in base 14?
-1b
27 (base 12) to base 2
11111
What is 53 (base 7) in base 8?
46
What is 112 (base 7) in base 8?
72
What is 2 (base 11) in base 2?
10
-11 (base 15) to base 7
-22
What is 12 (base 7) in base 8?
11
Convert 100 (base 2) to base 9.
4
Convert -252 (base 7) to base 9.
-160
What is 3 (base 14) in base 13?
3
Convert -c (base 14) to base 3.
-110
-1001 (base 2) to base 12
-9
1002 (base 6) to base 7
431
Convert 144 (base 7) to base 16.
51
Convert 1 (base 13) to base 15.
1
-4 (base 12) to base 15
-4
-8 (base 11) to base 9
-8
What is 4 (base 11) in base 7?
4
Convert 1 (base 15) to base 2.
1
What is 101 (base 15) in base 13?
145
-122 (base 8) to base 16
-52
Convert 76 (base 12) to base 5.
330
0 (base 15) to base 14
0
What is -12 (base 4) in base 12?
-6
Convert 102 (base 3) to base 11.
10
Convert -1c (base 16) to base 7.
-40
37 (base 9) to base 15
24
What is 1123 (base 5) in base 11?
139
-11 (base 6) to base 8
-7
What is -4 (base 14) in base 6?
-4
Convert -221 (base 8) to base 4.
-2101
-8 (base 9) to base 13
-8
10 (base 2) to base 4
2
Convert -2 (base 10) to base 6.
-2
Convert -23 (base 6) to base 16.
-f
What is -20102 (base 3) in base 13?
-104
What is -2 (base 10) in base 8?
-2
Convert -7 (base 13) to base 16.
-7
Convert 0 (base 13) to base 6.
0
What is -150 (base 12) in base 3?
-21120
16 (base 7) to base 15
d
-12 (base 10) to base 12
-10
Convert 1100 (base 2) to base 12.
10
What is 3 (base 5) in base 2?
11
What is -10 (base 14) in base 8?
-16
What is -43 (base 8) in base 14?
-27
What is -12 (base 6) in base 8?
-10
What is 10110 (base 2) in base 15?
17
Convert -11 (base 2) to base 10.
-3
33 (base 8) to base 16
1b
What is 2101 (base 3) in base 5?
224
What is -16 (base 10) in base 15?
-11
What is -42 (base 10) in base 4?
-222
What is 0 (base 7) in base 5?
0
What is -11121 (base 3) in base 2?
-1111100
Convert -4 (base 14) to base 12.
-4
What is -70 (base 13) in base 4?
-1123
-205 (base 9) to base 5
-1132
Convert -3 (base 9) to base 8.
-3
Convert -3 (base 14) to base 13.
-3
What is 444 (base 7) in base 6?
1020
What is 109 (base 14) in base 7?
412
Convert -18 (base 12) to base 10.
-20
-5 (base 16) to base 9
-5
54 (base 10) to base 4
312
What is -100 (base 2) in base 15?
-4
Convert 2 (base 16) to base 9.
2
Convert 10111 (base 3) to base 4.
1132
Convert 10 (base 2) to base 9.
2
-11121 (base 3) to base 13
-97
What is 4 (base 11) in base 9?
4
1 (base 6) to base 2
1
-3 (base 9) to base 8
-3
-34 (base 13) to base 15
-2d
-11 (base 3) to base 9
-4
Convert 1 (base 6) to base 16.
1
172 (base 15) to base 11
282
What is 7 (base 11) in base 7?
10
Convert a (base 12) to base 3.
101
1110111 (base 2) to base 12
9b
Convert 243 (base 9) to base 16.
c9
154 (base 12) to base 16
d0
Convert -134 (base 11) to base 3.
-12212
What is 101 (base 2) in base 16?
5
What is 352 (base 6) in base 2?
10001100
0 (base 13) to base 12
0
49 (base 10) to base 4
301
-8 (base 13) to base 15
-8
Convert 2 (base 16) to base 14.
2
-35 (base 8) to base 9
-32
What is 5 (base 15) in base 6?
5
What is -6c (base 16) in base 8?
-154
Convert 1100 (base 2) to base 7.
15
Convert 0 (base 2) to base 14.
0
Convert -3 (base 15) to base 4.
-3
What is 3 (base 7) in base 5?
3
Convert 23 (base 9) to base 2.
10101
-10110 (base 2) to base 13
-19
What is 4 (base 9) in base 6?
4
What is d (base 14) in base 8?
15
Convert -241 (base 6) to base 5.
-342
What is 26 (base 9) in base 4?
120
Convert 3 (base 15) to base 5.
3
-162 (base 14) to base 10
-282
Convert -15 (base 9) to base 5.
-24
-163 (base 9) to base 6
-350
What is -2 (base 13) in base 9?
-2
8 (base 10) to base 3
22
What is d6 (base 14) in base 5?
1223
16 (base 8) to base 11
13
Convert 23 (base 5) to base 14.
d
What is 110 (base 2) in base 3?
20
What is 2 (base 4) in base 11?
2
What is -1100111 (base 2) in base 16?
-67
46 (base 7) to base 4
202
Convert 2 (base 15) to base 3.
2
Convert 76 (base 15) to base 12.
93
Convert -45 (base 7) to base 14.
-25
Convert 2 (base 9) to base 6.
2
What is 12 (base 6) in base 14?
8
Convert 123 (base 5) to base 3.
1102
a (base 12) to base 2
1010
Convert 11 (base 2) to base 14.
3
Convert 9b (base 13) to base 14.
92
133 (base 8) to base 13
70
What is 1 (base 7) in base 11?
1
Convert b (base 15) to base 2.
1011
Convert 14 (base 5) to base 7.
12
-125 (base 8) to base 15
-5a
-1143 (base 5) to base 12
-125
1213 (base 4) to base 12
87
-121 (base 3) to base 11
-15
11 (base 2) to base 13
3
What is 5 (base 10) in base 4?
11
What is 3 (base 16) in base 7?
3
7 (base 16) to base 15
7
-44 (base 6) to base 13
-22
137 (base 8) to base 4
1133
Convert d4 (base 14) to base 11.
15a
What is 214 (base 5) in base 14?
43
What is 2 (base 4) in base 13?
2
What is -32 (base 6) in base 9?
-22
What is 13d (base 14) in base 7?
506
Convert -9 (base 12) to base 2.
-1001
-100000 (base 2) to base 13
-26
10 (base 2) to base 4
2
5 (base 6) to base 14
5
What is -37 (base 10) in base 7?
-52
20 (base 3) to base 7
6
Convert c (base 13) to base 8.
14
What is 2 (base 11) in base 5?
2
Convert 0 (base 13) to base 11.
0
What is -7 (base 16) in base 10?
-7
What is 110 (base 12) in base 14?
b2
What is 341 (base 6) in base 10?
133
3 (base 9) to base 8
3
Convert b6 (base 15) to base 4.
2223
Convert 1111 (base 2) to base 5.
30
What is -2 (base 6) in base 12?
-2
Convert 55 (base 10) to base 2.
110111
What is 3 (base 9) in base 13?
3
What is 43 (base 7) in base 10?
31
Convert 44 (base 12) to base 6.
124
-10311 (base 4) to base 13
-1aa
Convert -166 (base 10) to base 9.
-204
What is -33 (base 5) in base 6?
-30
Convert -250 (base 6) to base 13.
-7b
Convert -25 (base 10) to base 3.
-221
Convert -27 (base 16) to base 3.
-1110
What is -21 (base 8) in base 14?
-13
18 (base 14) to base 4
112
Convert 6 (base 16) to base 3.
20
Convert -11a (base 15) to base 12.
-18a
What is -2 (base 10) in base 11?
-2
Convert -421 (base 5) to base 14.
-7d
2 (base 4) to base 6
2
29 (base 15) to base 2
100111
Convert -2 (base 4) to base 8.
-2
What is 0 (base 6) in base 2?
0
Convert -a1 (base 12) to base 16.
-79
Convert 10 (base 2) to base 13.
2
What is 0 (base 12) in base 16?
0
What is 2 (base 16) in base 10?
2
What is -2 (base 15) in base 9?
-2
-10 (base 7) to base 3
-21
What is 9a (base 11) in base 7?
214
-d (base 16) to base 2
-1101
Convert 13 (base 5) to base 3.
22
Convert -49 (base 11) to base 13.
-41
Convert -5 (base 14) to base 8.
-5
What is 3 (base 12) in base 9?
3
Convert -2 (base 4) to base 6.
-2
What is 14 (base 16) in base 2?
10100
What is 342 (base 5) in base 3?
10121
-522 (base 6) to base 15
-ce
What is 8 (base 14) in base 4?
20
Convert 12200 (base 3) to base 7.
306
Convert -2 (base 14) to base 10.
-2
Convert 44 (base 5) to base 14.
1a
Convert 111 (base 9) to base 2.
1011011
What is 15 (base 14) in base 13?
16
6 (base 15) to base 14
6
Convert 1 (base 8) to base 6.
1
What is -77 (base 9) in base 14?
-50
-12 (base 5) to base 10
-7
What is -5 (base 12) in base 5?
-10
What is 20112 (base 3) in base 4?
2300
What is -137 (base 8) in base 11?
-87
Convert -2d (b